{"id":40,"date":"2018-01-03T01:23:54","date_gmt":"2018-01-03T00:23:54","guid":{"rendered":"http:\/\/oposicionesdeingles.es\/?page_id=40"},"modified":"2026-03-15T20:05:53","modified_gmt":"2026-03-15T19:05:53","slug":"una-seccion-de-la-pagina-de-inicio","status":"publish","type":"page","link":"https:\/\/oposicionesdeingles.es\/?page_id=40","title":{"rendered":"Caracter\u00edsticas de mi m\u00e9todo de preparaci\u00f3n"},"content":{"rendered":"<p style=\"text-align: center;\"><span style=\"font-size: 1rem;\">Preparar una oposici\u00f3n es un proceso duro que puede afrontarse solo o con la ayuda de un preparador personal.\u00a0 Considerando que los procesos selectivos son cada vez m\u00e1s complejos,<\/span><span style=\"font-size: 1rem;\">\u00a0existen grandes ventajas de poder contar con un\u00a0<\/span>asesoramiento<strong style=\"font-size: 1rem;\"> profesional, actualizado y personalizado.\u00a0\u00a0<\/strong><\/p>\n<p style=\"text-align: center;\">\u00a0En la relaci\u00f3n a lo anterior, os dejo con un breve resumen de lo que pod\u00e9is esperar de m\u00ed como preparador.<\/p>\n<p style=\"text-align: center;\"><strong>JUAN R. TOM\u00c1S\u00a0 \u00a0\u00a0<\/strong><\/p>\n<p style=\"text-align: center;\"><strong>PREPARADOR DE OPOSICIONES POR LENGUA EXTRANJERA INGL\u00c9S<\/strong><\/p>\n<p style=\"text-align: center;\"><strong>\u00bfQu\u00e9 te aporta un buen preparador?\u00a0<\/strong><\/p>\n<p>&#8211; Te aporta material de estudio y te simplifica aquellas partes del temario que son m\u00e1s dif\u00edciles de digerir<br \/>\n&#8211; Orienta tu estudio hacia las exigencias espec\u00edficas de cada prueba<br \/>\n&#8211; Aprovecha la propia din\u00e1mica de la clase para crear una sana pero cierta \u00abcompetitividad\u00bb entre los alumnos que sin duda facilita que \u00e9stos se disciplinen y se esfuercen m\u00e1s.<\/p>\n<p>&#8211; Te ofrece diferentes formas de prepararte tus oposiciones para adaptarte a tus necesidades: semipresencial, presencial, online.<\/p>\n<p style=\"text-align: center;\"><strong>CLAVES DE MI M\u00c9TODO PERSONAL_<\/strong><\/p>\n<p>&#8211; POTENCIACI\u00d3N EN LA PRODUCCI\u00d3N DE <strong><u>MATERIALES DID\u00c1CTICOS DIFERENCIADOS Y ORIGINALES<\/u>\u00a0 <\/strong><\/p>\n<p>&#8211; <strong><u>ATENCI<\/u><\/strong><strong><u>\u00d3<\/u><\/strong><strong><u>N<\/u><\/strong> ESPEC\u00cdFICA E INDIVIDUALIZADA A <strong>LAS <u>NECESIDADES REALES DEL OPOSITOR<\/u> <\/strong><\/p>\n<p>&#8211; <strong><u>SEGUIMIENTO<\/u><\/strong> Y <strong><u>REVISI\u00d3N<\/u><\/strong> CONTINUA EN LA CONFECCI\u00d3N DE <strong><u>PROGRAMACI\u00d3N DID\u00c1CTICA Y UNIDADES. EN LA PR\u00d3XIMA OPOSICI\u00d3N (2024) <\/u><\/strong><u>EL TRABAJO SE CENTRAR\u00c1, CONFORME A LOS CAMBIOS, EN EL <strong>DESARROLLO DE UNA UD DE CALIDAD<\/strong> Y LA PREPARACI\u00d3N DE SU CORRESPONDIENTE EXPOSICI\u00d3N ORAL<\/u><\/p>\n<p>&#8211; <strong><u>GESTI\u00d3N<\/u><\/strong> DEL <strong><u>ESTUDIO<\/u><\/strong> Y <strong><u>TIEMPO<\/u><\/strong><\/p>\n<p>&#8211; <strong><u>TEMAS YA PREPARADOS<\/u><\/strong> PARA EL ESTUDIO DIRECTO Y ADAPTADOS A LA LOMLOE<\/p>\n<p>&#8211; <strong><u>PREPARACI\u00d3N<\/u><\/strong> ESPEC\u00cdFICA PARA EL <strong><u>CASO PR\u00c1CTICO Y LA NUEVA PRUEBA DE \u00abREADING\u00bb Y EJERCICIOS VARIOS (FON\u00c9TICA, USE OF ENGLISH, ETC.)\u00a0 NOTA ACTUALIZADA: EN LA PR\u00d3XIMA OPOSICI\u00d3N (2024) ESTAS PRUEBAS NO ESTAR\u00c1N VIGENTES<\/u><\/strong><\/p>\n<p><strong>&#8211; <u>PUESTAS EN ESCENA <\/u><\/strong>(simulaci\u00f3n de ex\u00e1menes, exposiciones orales, manejo de materiales did\u00e1cticos\u2026)<\/p>\n<p>&#8211; <strong>ASESORAMIENTO SOBRE CUESTIONES BURACR\u00c1TICAS<\/strong> (inscripci\u00f3n en el proceso selectivo, reclamaciones, c\u00e1lculo del baremo, gesti\u00f3n de certificados y t\u00edtulos, etc.)<\/p>\n<p>&#8211; TRABAJO ESPEC\u00cdFICO SOBRE <strong><u>DISPOSICIONES Y LEYES <\/u><\/strong><u>EN EDUCACI\u00d3N, PRESTANDO ESPECIAL ATENCI\u00d3N A LOS CAMBIOS QUE NOS TRAE LA NUEVA LEY (LOMLOE), REAL DECRETO Y DECRETO REGIONAL.<\/u><\/p>\n<p>SI ERES UNA PERSONA <strong>AUTOEXIGENTE<\/strong> Y <strong>COMPROMETIDA<\/strong> CON TUS METAS, TE INVITO A TRABAJAR JUNTOS PARA CUMPLIR TU OBJETIVO:<\/p>\n<p style=\"text-align: center;\"><strong>\u00a1LA PLAZA!<\/strong><\/p>\n","protected":false},"excerpt":{"rendered":"<p>Preparar una oposici\u00f3n es un proceso duro que puede afrontarse solo o con la ayuda de un preparador personal.\u00a0 Considerando que los procesos selectivos son cada vez m\u00e1s complejos,\u00a0existen grandes ventajas de poder contar con un\u00a0asesoramiento profesional, actualizado y personalizado.\u00a0\u00a0 \u00a0En la relaci\u00f3n a lo anterior, os dejo con un breve resumen de lo que &hellip; <\/p>\n<p class=\"link-more\"><a href=\"https:\/\/oposicionesdeingles.es\/?page_id=40\" class=\"more-link\">Continuar leyendo<span class=\"screen-reader-text\"> \u00abCaracter\u00edsticas de mi m\u00e9todo de preparaci\u00f3n\u00bb<\/span><\/a><\/p>\n","protected":false},"author":1,"featured_media":79,"parent":0,"menu_order":0,"comment_status":"closed","ping_status":"closed","template":"","meta":{"_uag_custom_page_level_css":"","_monsterinsights_skip_tracking":false,"_monsterinsights_sitenote_active":false,"_monsterinsights_sitenote_note":"","_monsterinsights_sitenote_category":0,"footnotes":""},"uagb_featured_image_src":{"full":["https:\/\/oposicionesdeingles.es\/wp-content\/uploads\/2018\/03\/OPOSICIONES.png",1200,800,false],"thumbnail":["https:\/\/oposicionesdeingles.es\/wp-content\/uploads\/2018\/03\/OPOSICIONES-150x150.png",150,150,true],"medium":["https:\/\/oposicionesdeingles.es\/wp-content\/uploads\/2018\/03\/OPOSICIONES-300x200.png",300,200,true],"medium_large":["https:\/\/oposicionesdeingles.es\/wp-content\/uploads\/2018\/03\/OPOSICIONES-768x512.png",525,350,true],"large":["https:\/\/oposicionesdeingles.es\/wp-content\/uploads\/2018\/03\/OPOSICIONES-1024x683.png",525,350,true],"1536x1536":["https:\/\/oposicionesdeingles.es\/wp-content\/uploads\/2018\/03\/OPOSICIONES.png",1200,800,false],"2048x2048":["https:\/\/oposicionesdeingles.es\/wp-content\/uploads\/2018\/03\/OPOSICIONES.png",1200,800,false],"twentyseventeen-featured-image":["https:\/\/oposicionesdeingles.es\/wp-content\/uploads\/2018\/03\/OPOSICIONES.png",1200,800,false],"twentyseventeen-thumbnail-avatar":["https:\/\/oposicionesdeingles.es\/wp-content\/uploads\/2018\/03\/OPOSICIONES-100x100.png",100,100,true]},"uagb_author_info":{"display_name":"admin7882","author_link":"https:\/\/oposicionesdeingles.es\/?author=1"},"uagb_comment_info":0,"uagb_excerpt":"Preparar una oposici\u00f3n es un proceso duro que puede afrontarse solo o con la ayuda de un preparador personal.\u00a0 Considerando que los procesos selectivos son cada vez m\u00e1s complejos,\u00a0existen grandes ventajas de poder contar con un\u00a0asesoramiento profesional, actualizado y personalizado.\u00a0\u00a0 \u00a0En la relaci\u00f3n a lo anterior, os dejo con un breve resumen de lo que&hellip;","_links":{"self":[{"href":"https:\/\/oposicionesdeingles.es\/index.php?rest_route=\/wp\/v2\/pages\/40"}],"collection":[{"href":"https:\/\/oposicionesdeingles.es\/index.php?rest_route=\/wp\/v2\/pages"}],"about":[{"href":"https:\/\/oposicionesdeingles.es\/index.php?rest_route=\/wp\/v2\/types\/page"}],"author":[{"embeddable":true,"href":"https:\/\/oposicionesdeingles.es\/index.php?rest_route=\/wp\/v2\/users\/1"}],"replies":[{"embeddable":true,"href":"https:\/\/oposicionesdeingles.es\/index.php?rest_route=%2Fwp%2Fv2%2Fcomments&post=40"}],"version-history":[{"count":20,"href":"https:\/\/oposicionesdeingles.es\/index.php?rest_route=\/wp\/v2\/pages\/40\/revisions"}],"predecessor-version":[{"id":763,"href":"https:\/\/oposicionesdeingles.es\/index.php?rest_route=\/wp\/v2\/pages\/40\/revisions\/763"}],"wp:featuredmedia":[{"embeddable":true,"href":"https:\/\/oposicionesdeingles.es\/index.php?rest_route=\/wp\/v2\/media\/79"}],"wp:attachment":[{"href":"https:\/\/oposicionesdeingles.es\/index.php?rest_route=%2Fwp%2Fv2%2Fmedia&parent=40"}],"curies":[{"name":"wp","href":"https:\/\/api.w.org\/{rel}","templated":true}]}}